 - 3*q - 1. Let l be o(4). Let d(f) = 7*f**2 - 2*f**l + 5*f + 3*f**3 + 0*f**3. Determine d(r).
6
Suppose -136*z = -79*z - 855. Let b(p) = p**2 - 12*p - 29. Determine b(z).
16
Suppose 8*y - 4 = 6*y. Let a(p) = p - 17. Let d(w) = -5*w + 86. Let z(t) = y*d(t) + 11*a(t). Give z(0).
-15
Suppose 5*s - 4 = 2*p, 0 = -s + 6*p - 7*p - 2. Suppose s = 3*a + 117 - 114. Let i(r) = 4*r**3 - r. Calculate i(a).
-3
Let s(g) = -50*g**3 + 2*g**2 - 15*g - 38. Let a(i) = -25*i**3 + i**2 - 7*i - 18. Let l(q) = -21*a(q) + 10*s(q). Determine l(-1).
-25
Let t be ((-5)/10)/((-2)/(-24)). Let i be (t/4)/(1/2). Let b(z) be the third derivative of z**4/12 - z**3/6 + 23869*z**2. Determine b(i).
-7
Let h(f) = f + 5. Let w(l) = 4*l - 14. Let i be w(7). Let g be (-44)/2*i/(-28). Suppose 47 = -g*q - 52. Determine h(q).
-4
Let j = 45 - 40. Suppose -j*z + 18 = -7*z. Let n = 15 + z. Let v(k) = k - 2. Determine v(n).
4
Let n be ((-8)/(80/15))/((-33)/44). Let w(k) = 2*k**2 + 5*k - 15. Determine w(n).
3
Let p(k) = -142 - 266*k - 246*k + 53 + 506*k. Calculate p(-15).
1
Let i = 5482 + -5494. Let h(j) = -j**2 - 11*j - 23. Calculate h(i).
-35
Let j(x) = -13*x**3 - 5*x**2 - 10*x - 22. Let w be j(-4). Let k = w + -764. Let z(i) = -i**3 + 5*i**2 + 6*i - 9. Determine z(k).
-9
Let t(h) be the second derivative of h**4/3 + 2*h**3/3 - 7*h**2/2 + 45*h - 20. Determine t(-4).
41
Let q(w) = 659*w + 1 + 0 - 660*w. Let l = 309 - 305. Determine q(l).
-3
Let h be (-194)/(-13) - (26 - (-9492)/(-364)). Let r(w) = 2*w - 31. Let k(u) = u - 16. Let g(f) = 5*k(f) - 3*r(f). Give g(h).
-2
Let c(p) = -17*p**2 + 49*p - 98. Let m(b) = -20*b**2 + 48*b - 99. Let i(n) = -6*c(n) + 5*m(n). Determine i(25).
-7
Let j(u) be the first derivative of -1/2*u**2 - 2/3*u**3 - 105 + 2*u - 2*u**4. What is j(1)?
-9
Suppose 0 = 2*x - 0*x - 2. Let l be (x - -1) + -1 + 2. Suppose 24 = -7*v + l*v + 2*q, 3*v = -5*q + 8. Let u(z) = -3*z - 6. Calculate u(v).
6
Let d(q) = q**2 + 2*q - 4. Let v be d(2). Suppose 0 = 3*m + 3*j + 45, m + j + 3 = v*j. Let b(z) = -z**2 - 12*z + 8. What is b(m)?
8
Let n(a) = -18*a**3 - 3*a**2 - 4*a - 2. Let x be (-13)/13*(-4 - (1 - 6)). What is n(x)?
17
Let l(k) be the first derivative of -1/4*k**4 + 7*k + 4/3*k**3 + 3/2*k**2 + 122. Determine l(5).
-3
Suppose 17 = 3*x + 2*b + 28, 5*b = -5. Let h be 10/(6 + -5 + x). Let r(f) = f**2 + 4*f - 2. Determine r(h).
3
Suppose -3*o = -0 + 18. Let k = o - -5. Let b(i) = 3*i**2 - 4*i + 4. Let j(g) = -g + 1. Let c(z) = k*b(z) + 5*j(z). What is c(1)?
-3
Let u(b) = 14357*b - 2*b**2 + 3*b**2 + 11 - 14365*b. Let l(w) = -23*w - 106. Let s be l(-5). Give u(s).
20
Let b(t) = t**2 + 6*t - 5. Suppose -4*u - 4*y + 236 = -5*y, 256 = 4*u + 4*y. Let w be ((-24)/15)/((-6)/u). Let l = w - 21. What is b(l)?
-10
Suppose -10*l - 7*l = -68. Let w(d) = 19 + 19 + l*d - 24 - 5*d. What is w(0)?
14
Suppose 9*x - x = -1664. Let o be 2/13 + (-2048)/x. Suppose -o*p + 9*p = 2*w - 10, 0 = 2*p - 3*w - 13. Let a(z) = -z**3 + 9*z**2 - 9*z + 1. Calculate a(p).
-7
Let m be (5 - 35/28)/(6/16). Let t(p) = p**2 - 4*p - 58. Calculate t(m).
2
Suppose -13 - 5 = 3*d + 3*s, -2*d = -5*s + 33. Let y be (-220)/(-33) + (-3)/d. Let x(u) = 5*u - 4. Let m(k) = -2*k + 2. Let r(c) = -7*m(c) - 3*x(c). Give r(y).
-9
Let f(i) be the third derivative of -i**6/60 - i**5/30 + i**4/4 + i**3/3 - 2660*i**2. Determine f(3).
-52
Let z(u) = -3*u - 70. Suppose 61 = 100*f - 124*f - 467. Calculate z(f).
-4
Suppose 0 = -2*h - 646 + 622. Let b be 280/16 + h/8. Let d(y) = -y**3 + 16*y**2 + y - 22. Determine d(b).
-6
Let u(z) = z - 1. Let p(d) = -d - 1. Let x(t) = -2*p(t) - u(t). Let n(k) = -2*k - 8. Let l(j) = 2*n(j) + 5*x(j). Calculate l(-4).
-5
Let p(v) = v**2 + 3*v - 12. Let g be p(-5). Suppose 2*f - 7 = -3. Let c(y) = -y**f + 3*y**2 - 1 + 5 - y + y**3 - 3. Calculate c(g).
3
Suppose 7*a = 6*a + 7. Let d(n) = 6 - 10 - 2*n - 9 - a*n - n**2. What is d(-9)?
-13
Suppose 35*b - 59*b - 48 = 0. Let v(i) = 30*i + 3. Give v(b).
-57
Let f(g) = -16*g + 2. Let q(p) = p**2 - p + 1. Let c(s) = f(s) - 2*q(s). Let j(m) = -m**2 - 8*m. Let u(i) = 6*c(i) - 11*j(i). Let d = 0 - -4. Determine u(d).
0
Suppose 3*n + 7 = 5*q + 7*n, 16 = 4*q - 2*n. Let u(i) be the first derivative of 2*i**q - 5/2*i**2 - 1/4*i**4 - i + 4. What is u(5)?
-1
Let x = 45302 + -45297. Let q(c) = 3*c**3 + 10*c**2 - 2*c - 1. Let g(v) = -4*v**3 - 11*v**2 + v. Let r(n) = -4*g(n) - 5*q(n). What is r(x)?
10
Let l(w) = w**3 + 49*w**2 - 158*w - 95. Suppose 3*v = -n - 55, -354*v + 356*v - 206 = 4*n. What is l(n)?
9
Let c(f) = -9*f**3 + 32*f**2 + 2*f - 69. Let s(y) = -2*y**3. Let v(k) = c(k) - 4*s(k). Let n be v(32). Let z(t) = -t**2 - 5*t + 4. Determine z(n).
4
Let j(o) = -11*o**2 + 18*o + 1. Let u(m) = 13*m**2 - 19*m. Let w(v) = 7*j(v) + 6*u(v). Let a = -1 - 8. What is w(a)?
-20
Let y be 25 + ((-1)/5)/(42/(-210))*0. Let g(t) = -t**3 + 25*t**2 + t - 18. Give g(y).
7
Let b(q) = -2*q**2 + 8 - 16*q - 31*q + 5 - 7*q. Give b(-27).
13
Suppose -13384 = 339*z - 331*z. Let r = 1674 + z. Let p(u) be the first derivative of 3*u**2/2 - u - 1. Give p(r).
2
Let o(s) = -8*s + s - 1 + 6*s - 4 - 4. Give o(-7).
-2
Let u = 3 - -8. Let c(b) = -7*b + 5. Let i(g) = 20*g - 15. Let p = -1783 - -1787. Let h(t) = p*i(t) + u*c(t). What is h(4)?
7
Let n(o) = -21*o**3 - 13*o**2 + 2*o. Let g(p) = 11*p**3 + 7*p**2 - 4*p - p + 4*p. Let h(d) = 11*g(d) + 6*n(d). Give h(1).
-5
Let n(r) be the third derivative of r**4/24 - 9*r**3/2 + 2*r**2 + 176*r. Give n(17).
-10
Suppose -113*j + 30072 = -4409*j. Let r(w) = -w**2 + 8*w - 4. Let k be r(7). Let v(o) = -o**k - 3*o**3 + 6*o**2 + 8 + 5*o**3 - 3*o. Determine v(j).
-20
Let r(u) = -u**3 + 60*u**2 + 68*u - 431. Let x be (-244)/6*84/(-56). Determine r(x).
-4
Let y(d) = -8*d**2 + 2*d. Suppose -2*g + 5*g - 12 = -3*o, -2*g = -6. Determine y(o).
-6
Let o(v) = 46*v**2 + 5*v - 3 - v**3 - 1 - 5 - 44*v**2. Let u be o(3). Let d(s) = 2*s - 5. What is d(u)?
-11
Suppose 27*x - 35*x = -88. Let s(f) = -24*f**2 + 2*f + 18. Let c(u) = 13*u**2 - u - 9. Let a(b) = x*c(b) + 6*s(b). What is a(0)?
9
Let b(s) = -278*s**3 + s**2 + 3*s + 2. Let p be b(-1). Let c(i) = 21*i + 1 - p*i**2 - 21*i + 265*i**2. Calculate c(-1).
-12
Let a(x) = 28*x + 4. Let w(c) = 55*c + 7. Let v(g) = 5*a(g) - 3*w(g). Suppose 67*o + 40*o + 49 + 58 = 0. Calculate v(o).
24
Let p(h) = -h - 6. Suppose -49*i + 62 = -45*i + f, 4*f + 24 = i. Suppose i*x = 14*x - 14. What is p(x)?
1
Suppose 333*o - 4*m = 335*o + 60, -5*m = 45. Let k(x) = x**2 - x**2 + 8 - 1 - 10*x - x**2. Determine k(o).
-17
Suppose -5*v = 3*x + 15, -5*v - 2*x - 14 - 1 = 0. Let d(w) be the third derivative of w**6/120 + w**5/20 + w**4/8 + 2*w**3/3 - 7*w**2 - 5*w. What is d(v)?
-5
Let u(w) = w**3 + 6*w**2 + 6. Let g be 3588/(-621) - (-6)/(-27). Calculate u(g).
6
Let w(d) = 11 - 3 + 5*d + d**3 - 4*d. Suppose -246*z = -130*z. Give w(z).
8
Let m(k) = k**3 + 21*k**2 + 21*k + 14. Let w(c) = c**3 - 50*c**2 + 145*c - 208. Let q be w(47). Determine m(q).
-6
Let c = -6332 + 6325. Let l(v) = 1 + 3 - v**2 - 5*v - 2*v. Calculate l(c).
4
Let t(o) = -o**2 - 5*o - 7. Let g = 16 + -7. Let h be 24/(-108) - 79/g. Let k(r) = 3*r + 22. Let z be k(h). What is t(z)?
-7
Let a = 3626 + -3621. Let s(z) be the second derivative of 0 + 1/12*z**4 + 7/6*z**3 + 0*z**2 - a*z. Give s(-4).
-12
Suppose 0 = -13*p + 29*p - 144. Suppose p*a + 87 = 33. Let d(u) = u**3 + 7*u**2 - 3*u - 3. Determine d(a).
51
Let b(f) = f**2 - 53*f + 8. Let x be b(17). Let k = x - -611. Let h(t) = t**2 - 8*t - 6. Let v(p) = p + 1. Let j(r) = -h(r) - 2*v(r). Calculate j(k).
-3
Let d(w) = -2*w**3 + 3*w**3 - 6*w - 5*w - 5*w**2 - 3 + 8*w. Let r be d(4). Let b = -30 - r. Let u(v) = 3*v**3 + v**2 + v - 1. What is u(b)?
4
Let x be ((-9)/(-3))/((-3)/(-2)) + 1. Let p(k) = -10*k**x - 7*k + 6*k**2 + 13*k**3 + 5 - 2*k**3. Determine p(-7).
5
Let u(w) = -2*w**2 - 4*w + 5. Let j be 790/65 + 48/(-312). Suppose -3*d = -2*d. Suppose 3*f + d = -j. Determine u(f).
-11
Suppose -186*u - 9 = -189*u. Let q(y) = -27*y**2 + 26*y**2 + 7*y + y**u - 4*y. Give q(3).
27
Let w(y) be the second derivative of -y**5/20 + 5*y**4/6 + y**3 + 54*y - 1. Let p(i) = 3*i**3 - 29*i**2 - 19*i + 1. Let q(r) = 3*p(r) + 8*w(r). What is q(8)?
-5
Let f = 26 + -8. Let d be (-4)/f + 77/(-99). Let p(o) = -4*o**2 - 21*o - 1. Let k(r) = 5*r**2 + 25*r + 1. Let i(q) = 5*k(q) + 6*p(q). Give